{"id":8,"date":"2019-05-29T22:54:19","date_gmt":"2019-05-29T20:54:19","guid":{"rendered":"http:\/\/www.ensolutions.de\/?page_id=8"},"modified":"2019-05-29T23:04:59","modified_gmt":"2019-05-29T21:04:59","slug":"backup-loesungen","status":"publish","type":"page","link":"https:\/\/www.ensolutions.de\/?page_id=8","title":{"rendered":"Backup-L\u00f6sungen"},"content":{"rendered":"\n<p>Als lokale Datensicherung bei Ihnen im Betrieb setzen wir zwei L\u00f6sungen ein:<\/p>\n\n\n\n<ol class=\"wp-block-list\"><li><a href=\"https:\/\/www.ensolutions.de\/?page_id=153\">HP DataProtector<\/a>:\n Eine flexible und sehr leistungsf\u00e4hige Backupl\u00f6sung von \nHewlett-Packard, welche sich insbesondere anbietet, wenn viele Ger\u00e4te an\n unterschiedlichen Standorten gesichert werden sollen.<\/li><li>Backup mit einem Linux Fileserver. Diese L\u00f6sung ist sehr preiswert \nund eignet sich hervorragend, wenn eine \u00fcberschaubare Anzahl von \nEndger\u00e4ten gesichert werden soll. Zus\u00e4tzlich kann dabei noch eine \nweitere Sicherung auf eine externe Festplatte geschrieben werden, so \ndass Sie in Notfall jederzeit auch ohne fremde Hilfe an Ihre Daten \nkommen.<\/li><\/ol>\n\n\n\n<p>In beiden F\u00e4llen ist eine Datensicherung auf Band, Festplattenspiegel\n oder einem SAN m\u00f6glich. Lassen Sie sich dazu von uns beraten, denn jede\n L\u00f6sung hat ihren eigenen Charme!<\/p>\n","protected":false},"excerpt":{"rendered":"<p>Als lokale Datensicherung bei Ihnen im Betrieb setzen wir zwei L\u00f6sungen ein: HP DataProtector: Eine flexible und sehr leistungsf\u00e4hige Backupl\u00f6sung von Hewlett-Packard, welche sich insbesondere&#8230;<\/p>\n<div class=\"more-link-wrapper\"><a class=\"more-link\" href=\"https:\/\/www.ensolutions.de\/?page_id=8\">Lesen Sie weiter<span class=\"screen-reader-text\">Backup-L\u00f6sungen<\/span><\/a><\/div>\n","protected":false},"author":1,"featured_media":0,"parent":0,"menu_order":20,"comment_status":"closed","ping_status":"closed","template":"","meta":{"footnotes":""},"class_list":["post-8","page","type-page","status-publish","hentry","entry"],"_links":{"self":[{"href":"https:\/\/www.ensolutions.de\/index.php?rest_route=\/wp\/v2\/pages\/8","targetHints":{"allow":["GET"]}}],"collection":[{"href":"https:\/\/www.ensolutions.de\/index.php?rest_route=\/wp\/v2\/pages"}],"about":[{"href":"https:\/\/www.ensolutions.de\/index.php?rest_route=\/wp\/v2\/types\/page"}],"author":[{"embeddable":true,"href":"https:\/\/www.ensolutions.de\/index.php?rest_route=\/wp\/v2\/users\/1"}],"replies":[{"embeddable":true,"href":"https:\/\/www.ensolutions.de\/index.php?rest_route=%2Fwp%2Fv2%2Fcomments&post=8"}],"version-history":[{"count":1,"href":"https:\/\/www.ensolutions.de\/index.php?rest_route=\/wp\/v2\/pages\/8\/revisions"}],"predecessor-version":[{"id":9,"href":"https:\/\/www.ensolutions.de\/index.php?rest_route=\/wp\/v2\/pages\/8\/revisions\/9"}],"wp:attachment":[{"href":"https:\/\/www.ensolutions.de\/index.php?rest_route=%2Fwp%2Fv2%2Fmedia&parent=8"}],"curies":[{"name":"wp","href":"https:\/\/api.w.org\/{rel}","templated":true}]}}